{"id":1575,"date":"2023-07-04T06:58:32","date_gmt":"2023-07-04T04:58:32","guid":{"rendered":"https:\/\/initiativprojekte.blogs.ruhr-uni-bochum.de\/Startseite\/?page_id=1575"},"modified":"2024-10-14T12:25:18","modified_gmt":"2024-10-14T10:25:18","slug":"impressum","status":"publish","type":"page","link":"https:\/\/initiativprojekte.blogs.ruhr-uni-bochum.de\/Startseite\/impressum\/","title":{"rendered":"Impressum"},"content":{"rendered":"\n<h2 class=\"wp-block-heading has-text-color has-large-font-size\" style=\"color:#17365c\"><strong>VERANTWORTLICHE<\/strong><\/h2>\n\n\n\n<p class=\"has-text-color\" style=\"color:#17365c\">Ruhr-Universit\u00e4t Bochum<br>Universit\u00e4tsstra\u00dfe 150<br>44801 Bochum<br>Tel.: 0234 32-28067<br>Fax: 0234 32-14201<br>E-Mail: <a href=\"mailto:stud-Lehrprojekte@ruhr-uni-bochum.de\">stud-Lehrprojekte@ruhr-uni-bochum.de<\/a><\/p>\n\n\n\n<div style=\"height:29px\" aria-hidden=\"true\" class=\"wp-block-spacer\"><\/div>\n\n\n\n<hr class=\"wp-block-separator has-text-color has-alpha-channel-opacity has-background is-style-wide\" style=\"background-color:#e7e7e7;color:#e7e7e7\"\/>\n\n\n\n<h2 class=\"wp-block-heading has-text-color has-large-font-size\" style=\"color:#17365c;text-transform:uppercase\"><strong>Inhaltlich Verantwortliche<\/strong><\/h2>\n\n\n\n<p class=\"has-text-color\" style=\"color:#17365c\">Dr. Andrea Koch-Thiele<br>Michaela Kubitzki (BA)<br>Cecile Fedier (BA)<\/p>\n\n\n\n<div style=\"height:29px\" aria-hidden=\"true\" class=\"wp-block-spacer\"><\/div>\n\n\n\n<hr class=\"wp-block-separator has-text-color has-alpha-channel-opacity has-background is-style-wide\" style=\"background-color:#e7e7e7;color:#e7e7e7\"\/>\n\n\n\n<p class=\"has-text-color\" style=\"color:#17365c\">Die Ruhr-Universit\u00e4t Bochum ist eine K\u00f6rperschaft des \u00f6ffentlichen Rechts. Sie wird durch ihren Rektor Prof. Dr. Martin Paul gesetzlich vertreten. <br>Zust\u00e4ndige Aufsichtsbeh\u00f6rde: Ministerium f\u00fcr Kultur und Wissenschaft des Landes Nordrhein-Westfalen, V\u00f6lklinger Stra\u00dfe 49, 40221 D\u00fcsseldorf<br><br><strong>Umsatzsteuer-Identifikationsnummer:<\/strong> DE 127 056 261<br><br>Haftungshinweis: Die Ruhr-Universit\u00e4t Bochum \u00fcbernimmt keine Gew\u00e4hr f\u00fcr die Aktualit\u00e4t, Richtigkeit und Vollst\u00e4ndigkeit der Informationen auf ihren Internetseiten. Das Gleiche gilt f\u00fcr die Inhalte verlinkter Seiten.<br><br>Meldungen \u00fcber missbr\u00e4uchliche Nutzungen, die von Stationen aus dem IP-Namensbereich ruhr-uni-bochum.de ausgehen, senden Sie bitte an die E-Mail-Adresse abuse@ruhr-uni-bochum.de. Gleichfalls bittet die Ruhr-Universit\u00e4t um Mitteilung an dieselbe E-Mail-Adresse, wenn rechtswidrige Inhalte durch Links auf Seiten der Ruhr-Universit\u00e4t zu erreichen sind.<br><br>Alle im Internetangebot der Ruhr-Universit\u00e4t Bochum ver\u00f6ffentlichten Inhalte (Layout, Texte, Bilder, Grafiken usw.) unterliegen dem Urheberrecht.<br><br>Die universit\u00e4ren Einrichtungen tragen mit ihren dezentralen Angeboten und Inhalten zum gesamten Internetauftritt der Ruhr-Universit\u00e4t Bochum bei. Daher liegt die redaktionelle Verantwortlichkeit jeweils dort.<br><br>Der zentrale Webauftritt der Ruhr-Universit\u00e4t Bochum unter <a href=\"http:\/\/www.ruhr-uni-bochum.de\" target=\"_blank\" rel=\"noreferrer noopener\">www.ruhr-uni-bochum.de<\/a>, <a href=\"http:\/\/www.ruhr-uni-bochum.de\/en\" target=\"_blank\" rel=\"noreferrer noopener\">www.ruhr-uni-bochum.de\/en<\/a>, <a href=\"http:\/\/studium.ruhr-uni-bochum.de\" target=\"_blank\" rel=\"noreferrer noopener\">studium.ruhr-uni-bochum.de<\/a>, <a href=\"http:\/\/forschung.ruhr-uni-bochum.de\" target=\"_blank\" rel=\"noreferrer noopener\">forschung.ruhr-uni-bochum.de<\/a>, <a href=\"http:\/\/transfer.ruhr-uni-bochum.de\" target=\"_blank\" rel=\"noreferrer noopener\">transfer.ruhr-uni-bochum.de<\/a>, <a href=\"http:\/\/news.ruhr-uni-bochum.de\" target=\"_blank\" rel=\"noreferrer noopener\">news.ruhr-uni-bochum.de<\/a>, <a href=\"http:\/\/uni.ruhr-uni-bochum.de\" target=\"_blank\" rel=\"noreferrer noopener\">uni.ruhr-uni-bochum.de<\/a>, <a href=\"http:\/\/einrichtungen.ruhr-uni-bochum.de\" target=\"_blank\" rel=\"noreferrer noopener\">einrichtungen.ruhr-uni-bochum.de<\/a> wird vom Dezernat Hochschulkommunikation erstellt und betreut.<br><br>Verantwortlich f\u00fcr den zentralen Webauftritt gem. \u00a7 55 Abs. 2 RStV ist Hubert Hundt, Dezernat 8 \u2013 Hochschulkommunikation, Adresse wie oben.<br><br>Wir verwenden auf den zentralen Internetseiten die Schriftarten RUB-Flama und RUB-Scala. Beides sind Hausschriften und d\u00fcrfen nur von den Dom\u00e4nen der Ruhr-Universit\u00e4t Bochum (<a href=\"https:\/\/www.ruhr-uni-bochum.de\/de\" target=\"_blank\" rel=\"noreferrer noopener\">ruhr-uni-bochum.de<\/a>, rub.de) verwendet werden. Entypo pictograms by Daniel Bruce \u2014 www.entypo.com<\/p>\n\n\n\n<div style=\"height:29px\" aria-hidden=\"true\" class=\"wp-block-spacer\"><\/div>\n\n\n\n<hr class=\"wp-block-separator has-text-color has-alpha-channel-opacity has-background is-style-wide\" style=\"background-color:#e7e7e7;color:#e7e7e7\"\/>\n","protected":false},"excerpt":{"rendered":"<p>VERANTWORTLICHE Ruhr-Universit\u00e4t BochumUniversit\u00e4tsstra\u00dfe 15044801 BochumTel.: 0234 32-28067Fax: 0234 32-14201E-Mail: stud-Lehrprojekte@ruhr-uni-bochum.de Inhaltlich Verantwortliche Dr. Andrea Koch-ThieleMichaela Kubitzki (BA)Cecile Fedier (BA) Die Ruhr-Universit\u00e4t Bochum ist eine K\u00f6rperschaft des \u00f6ffentlichen Rechts. Sie wird &#8230;<\/p>\n","protected":false},"author":3,"featured_media":0,"parent":0,"menu_order":0,"comment_status":"closed","ping_status":"closed","template":"template-fullwidth.php","meta":{"footnotes":""},"class_list":["post-1575","page","type-page","status-publish","hentry"],"yoast_head":"<!-- This site is optimized with the Yoast SEO plugin v27.5 - https:\/\/yoast.com\/product\/yoast-seo-wordpress\/ -->\n<title>Impressum - Studentische Initiativprojekte<\/title>\n<meta name=\"robots\" content=\"index, follow, max-snippet:-1, max-image-preview:large, max-video-preview:-1\" \/>\n<link rel=\"canonical\" href=\"https:\/\/initiativprojekte.blogs.ruhr-uni-bochum.de\/Startseite\/impressum\/\" \/>\n<meta property=\"og:locale\" content=\"de_DE\" \/>\n<meta property=\"og:type\" content=\"article\" \/>\n<meta property=\"og:title\" content=\"Impressum - Studentische Initiativprojekte\" \/>\n<meta property=\"og:description\" content=\"VERANTWORTLICHE Ruhr-Universit\u00e4t BochumUniversit\u00e4tsstra\u00dfe 15044801 BochumTel.: 0234 32-28067Fax: 0234 32-14201E-Mail: stud-Lehrprojekte@ruhr-uni-bochum.de Inhaltlich Verantwortliche Dr. Andrea Koch-ThieleMichaela Kubitzki (BA)Cecile Fedier (BA) Die Ruhr-Universit\u00e4t Bochum ist eine K\u00f6rperschaft des \u00f6ffentlichen Rechts. Sie wird ...\" \/>\n<meta property=\"og:url\" content=\"https:\/\/initiativprojekte.blogs.ruhr-uni-bochum.de\/Startseite\/impressum\/\" \/>\n<meta property=\"og:site_name\" content=\"Studentische Initiativprojekte\" \/>\n<meta property=\"article:modified_time\" content=\"2024-10-14T10:25:18+00:00\" \/>\n<meta name=\"twitter:card\" content=\"summary_large_image\" \/>\n<meta name=\"twitter:label1\" content=\"Gesch\u00e4tzte Lesezeit\" \/>\n\t<meta name=\"twitter:data1\" content=\"2\u00a0Minuten\" \/>\n<script type=\"application\/ld+json\" class=\"yoast-schema-graph\">{\"@context\":\"https:\\\/\\\/schema.org\",\"@graph\":[{\"@type\":\"WebPage\",\"@id\":\"https:\\\/\\\/initiativprojekte.blogs.ruhr-uni-bochum.de\\\/Startseite\\\/impressum\\\/\",\"url\":\"https:\\\/\\\/initiativprojekte.blogs.ruhr-uni-bochum.de\\\/Startseite\\\/impressum\\\/\",\"name\":\"Impressum - Studentische Initiativprojekte\",\"isPartOf\":{\"@id\":\"https:\\\/\\\/initiativprojekte.blogs.ruhr-uni-bochum.de\\\/Startseite\\\/#website\"},\"datePublished\":\"2023-07-04T04:58:32+00:00\",\"dateModified\":\"2024-10-14T10:25:18+00:00\",\"breadcrumb\":{\"@id\":\"https:\\\/\\\/initiativprojekte.blogs.ruhr-uni-bochum.de\\\/Startseite\\\/impressum\\\/#breadcrumb\"},\"inLanguage\":\"de\",\"potentialAction\":[{\"@type\":\"ReadAction\",\"target\":[\"https:\\\/\\\/initiativprojekte.blogs.ruhr-uni-bochum.de\\\/Startseite\\\/impressum\\\/\"]}]},{\"@type\":\"BreadcrumbList\",\"@id\":\"https:\\\/\\\/initiativprojekte.blogs.ruhr-uni-bochum.de\\\/Startseite\\\/impressum\\\/#breadcrumb\",\"itemListElement\":[{\"@type\":\"ListItem\",\"position\":1,\"name\":\"Startseite\",\"item\":\"https:\\\/\\\/initiativprojekte.blogs.ruhr-uni-bochum.de\\\/Startseite\\\/\"},{\"@type\":\"ListItem\",\"position\":2,\"name\":\"Impressum\"}]},{\"@type\":\"WebSite\",\"@id\":\"https:\\\/\\\/initiativprojekte.blogs.ruhr-uni-bochum.de\\\/Startseite\\\/#website\",\"url\":\"https:\\\/\\\/initiativprojekte.blogs.ruhr-uni-bochum.de\\\/Startseite\\\/\",\"name\":\"Studentische Initiativprojekte\",\"description\":\"In der Lehre\",\"publisher\":{\"@id\":\"https:\\\/\\\/initiativprojekte.blogs.ruhr-uni-bochum.de\\\/Startseite\\\/#organization\"},\"potentialAction\":[{\"@type\":\"SearchAction\",\"target\":{\"@type\":\"EntryPoint\",\"urlTemplate\":\"https:\\\/\\\/initiativprojekte.blogs.ruhr-uni-bochum.de\\\/Startseite\\\/?s={search_term_string}\"},\"query-input\":{\"@type\":\"PropertyValueSpecification\",\"valueRequired\":true,\"valueName\":\"search_term_string\"}}],\"inLanguage\":\"de\"},{\"@type\":\"Organization\",\"@id\":\"https:\\\/\\\/initiativprojekte.blogs.ruhr-uni-bochum.de\\\/Startseite\\\/#organization\",\"name\":\"Studentische Initiativprojekte\",\"url\":\"https:\\\/\\\/initiativprojekte.blogs.ruhr-uni-bochum.de\\\/Startseite\\\/\",\"logo\":{\"@type\":\"ImageObject\",\"inLanguage\":\"de\",\"@id\":\"https:\\\/\\\/initiativprojekte.blogs.ruhr-uni-bochum.de\\\/Startseite\\\/#\\\/schema\\\/logo\\\/image\\\/\",\"url\":\"https:\\\/\\\/Initiativprojekte.blogs.ruhr-uni-bochum.de\\\/wp-content\\\/uploads\\\/2023\\\/06\\\/Logo_Studentische-Initiativprojekte_RUB_Pfad_final_RGB_Webseite-2-e1686670073199.png\",\"contentUrl\":\"https:\\\/\\\/Initiativprojekte.blogs.ruhr-uni-bochum.de\\\/wp-content\\\/uploads\\\/2023\\\/06\\\/Logo_Studentische-Initiativprojekte_RUB_Pfad_final_RGB_Webseite-2-e1686670073199.png\",\"width\":250,\"height\":81,\"caption\":\"Studentische Initiativprojekte\"},\"image\":{\"@id\":\"https:\\\/\\\/initiativprojekte.blogs.ruhr-uni-bochum.de\\\/Startseite\\\/#\\\/schema\\\/logo\\\/image\\\/\"}}]}<\/script>\n<!-- \/ Yoast SEO plugin. -->","yoast_head_json":{"title":"Impressum - Studentische Initiativprojekte","robots":{"index":"index","follow":"follow","max-snippet":"max-snippet:-1","max-image-preview":"max-image-preview:large","max-video-preview":"max-video-preview:-1"},"canonical":"https:\/\/initiativprojekte.blogs.ruhr-uni-bochum.de\/Startseite\/impressum\/","og_locale":"de_DE","og_type":"article","og_title":"Impressum - Studentische Initiativprojekte","og_description":"VERANTWORTLICHE Ruhr-Universit\u00e4t BochumUniversit\u00e4tsstra\u00dfe 15044801 BochumTel.: 0234 32-28067Fax: 0234 32-14201E-Mail: stud-Lehrprojekte@ruhr-uni-bochum.de Inhaltlich Verantwortliche Dr. Andrea Koch-ThieleMichaela Kubitzki (BA)Cecile Fedier (BA) Die Ruhr-Universit\u00e4t Bochum ist eine K\u00f6rperschaft des \u00f6ffentlichen Rechts. Sie wird ...","og_url":"https:\/\/initiativprojekte.blogs.ruhr-uni-bochum.de\/Startseite\/impressum\/","og_site_name":"Studentische Initiativprojekte","article_modified_time":"2024-10-14T10:25:18+00:00","twitter_card":"summary_large_image","twitter_misc":{"Gesch\u00e4tzte Lesezeit":"2\u00a0Minuten"},"schema":{"@context":"https:\/\/schema.org","@graph":[{"@type":"WebPage","@id":"https:\/\/initiativprojekte.blogs.ruhr-uni-bochum.de\/Startseite\/impressum\/","url":"https:\/\/initiativprojekte.blogs.ruhr-uni-bochum.de\/Startseite\/impressum\/","name":"Impressum - Studentische Initiativprojekte","isPartOf":{"@id":"https:\/\/initiativprojekte.blogs.ruhr-uni-bochum.de\/Startseite\/#website"},"datePublished":"2023-07-04T04:58:32+00:00","dateModified":"2024-10-14T10:25:18+00:00","breadcrumb":{"@id":"https:\/\/initiativprojekte.blogs.ruhr-uni-bochum.de\/Startseite\/impressum\/#breadcrumb"},"inLanguage":"de","potentialAction":[{"@type":"ReadAction","target":["https:\/\/initiativprojekte.blogs.ruhr-uni-bochum.de\/Startseite\/impressum\/"]}]},{"@type":"BreadcrumbList","@id":"https:\/\/initiativprojekte.blogs.ruhr-uni-bochum.de\/Startseite\/impressum\/#breadcrumb","itemListElement":[{"@type":"ListItem","position":1,"name":"Startseite","item":"https:\/\/initiativprojekte.blogs.ruhr-uni-bochum.de\/Startseite\/"},{"@type":"ListItem","position":2,"name":"Impressum"}]},{"@type":"WebSite","@id":"https:\/\/initiativprojekte.blogs.ruhr-uni-bochum.de\/Startseite\/#website","url":"https:\/\/initiativprojekte.blogs.ruhr-uni-bochum.de\/Startseite\/","name":"Studentische Initiativprojekte","description":"In der Lehre","publisher":{"@id":"https:\/\/initiativprojekte.blogs.ruhr-uni-bochum.de\/Startseite\/#organization"},"potentialAction":[{"@type":"SearchAction","target":{"@type":"EntryPoint","urlTemplate":"https:\/\/initiativprojekte.blogs.ruhr-uni-bochum.de\/Startseite\/?s={search_term_string}"},"query-input":{"@type":"PropertyValueSpecification","valueRequired":true,"valueName":"search_term_string"}}],"inLanguage":"de"},{"@type":"Organization","@id":"https:\/\/initiativprojekte.blogs.ruhr-uni-bochum.de\/Startseite\/#organization","name":"Studentische Initiativprojekte","url":"https:\/\/initiativprojekte.blogs.ruhr-uni-bochum.de\/Startseite\/","logo":{"@type":"ImageObject","inLanguage":"de","@id":"https:\/\/initiativprojekte.blogs.ruhr-uni-bochum.de\/Startseite\/#\/schema\/logo\/image\/","url":"https:\/\/Initiativprojekte.blogs.ruhr-uni-bochum.de\/wp-content\/uploads\/2023\/06\/Logo_Studentische-Initiativprojekte_RUB_Pfad_final_RGB_Webseite-2-e1686670073199.png","contentUrl":"https:\/\/Initiativprojekte.blogs.ruhr-uni-bochum.de\/wp-content\/uploads\/2023\/06\/Logo_Studentische-Initiativprojekte_RUB_Pfad_final_RGB_Webseite-2-e1686670073199.png","width":250,"height":81,"caption":"Studentische Initiativprojekte"},"image":{"@id":"https:\/\/initiativprojekte.blogs.ruhr-uni-bochum.de\/Startseite\/#\/schema\/logo\/image\/"}}]}},"featured_image_src":null,"featured_image_src_square":null,"_links":{"self":[{"href":"https:\/\/initiativprojekte.blogs.ruhr-uni-bochum.de\/Startseite\/wp-json\/wp\/v2\/pages\/1575","targetHints":{"allow":["GET"]}}],"collection":[{"href":"https:\/\/initiativprojekte.blogs.ruhr-uni-bochum.de\/Startseite\/wp-json\/wp\/v2\/pages"}],"about":[{"href":"https:\/\/initiativprojekte.blogs.ruhr-uni-bochum.de\/Startseite\/wp-json\/wp\/v2\/types\/page"}],"author":[{"embeddable":true,"href":"https:\/\/initiativprojekte.blogs.ruhr-uni-bochum.de\/Startseite\/wp-json\/wp\/v2\/users\/3"}],"replies":[{"embeddable":true,"href":"https:\/\/initiativprojekte.blogs.ruhr-uni-bochum.de\/Startseite\/wp-json\/wp\/v2\/comments?post=1575"}],"version-history":[{"count":13,"href":"https:\/\/initiativprojekte.blogs.ruhr-uni-bochum.de\/Startseite\/wp-json\/wp\/v2\/pages\/1575\/revisions"}],"predecessor-version":[{"id":2550,"href":"https:\/\/initiativprojekte.blogs.ruhr-uni-bochum.de\/Startseite\/wp-json\/wp\/v2\/pages\/1575\/revisions\/2550"}],"wp:attachment":[{"href":"https:\/\/initiativprojekte.blogs.ruhr-uni-bochum.de\/Startseite\/wp-json\/wp\/v2\/media?parent=1575"}],"curies":[{"name":"wp","href":"https:\/\/api.w.org\/{rel}","templated":true}]}}